z(k). Determine h(-5).
-3
Let a(b) = -2*b + 4. Suppose -12 = -h - 3*h. Suppose 0 = 2*i + 1 - h. Let z be -1 + 0 + i + 4. Give a(z).
-4
Let n(g) = g**2 + 5*g - 12. Let i be n(-6). Let p(j) = -j**2 - 6*j - 5. Calculate p(i).
-5
Let c = -280 - -275. Let x(s) be the third derivative of -s**4/8 - s**3/2 + s**2. Determine x(c).
12
Let n(p) = -3606 + p**2 + 3606 - p. Determine n(0).
0
Let o(j) be the second derivative of 4*j - 2*j**2 - 1/3*j**3 + 0. Let l(a) = -2*a - 1. Let n be l(2). What is o(n)?
6
Let v(y) be the second derivative of -y**3/6 - 4*y**2 - 20*y. Give v(-5).
-3
Suppose 0 = 5*j - 3*g + 6 + 4, 0 = -4*j - 5*g + 29. Let p(c) = 3*c - 4*c - j - 4 - 1 - c**2. Determine p(0).
-6
Suppose u = -3 + 6. Let a(d) = -d + 4. What is a(u)?
1
Let n = -10 + 15. Suppose 0 = 3*o - 6*o - 3*k, n*k = 4*o + 45. Let j(s) = 2*s**2 - 5*s - 2. Let c(l) = -l**2 - 1. Let d(x) = 3*c(x) + j(x). What is d(o)?
-5
Suppose 4*u + u - 3*r = 40, -u = -5*r - 30. Suppose 0 = -5*x + 15, -4*i = 3*x + 12 - u. Let m be (-2)/(-4) - 14/i. Let c(j) = 3*j - 3. Calculate c(m).
9
Let g be (3 - 2)*1 + -3. Suppose 4*q + 2*t + 4 = 0, 3*t + 6 = 3*q - 0*t. Let u(x) = 0*x**2 - 1 + q*x**2 + 5*x**2 - 3*x**2. What is u(g)?
7
Let k(b) = -7*b**2 + 1. Let g(s) = s**3 - 6*s**2 - 6*s - 8. Let d be g(7). Give k(d).
-6
Let w(f) = 2*f**2 - f - 2. Let g = 3 - 0. Let i(q) = -1 + 5*q - g*q - 5*q. Let a be i(-1). Calculate w(a).
4
Let h = 9 + -18. Let f = -6 - h. Let q(u) = 0*u + 3*u - 4*u. Determine q(f).
-3
Let d be 7/(10/(-25)*(-5)/(-2)). Let q(z) = -2*z - 14. Let w(t) = -4*t - 27. Let u(j) = -7*q(j) + 4*w(j). Give u(d).
4
Let m(g) = g**3 + 5*g**2 + g - 2. Let l be (2/(-6))/(2/(-18)). Let p = -8 + l. Give m(p).
-7
Let y(n) = n**3 + 3*n**2 - 2*n + 1. Let w be y(-4). Let o(q) = q**2 - q. Let l(i) = 4*i**2 + 4*i - 8. Let x(c) = -l(c) + 3*o(c). Determine x(w).
8
Suppose -q = -5*t - 22, -2*t - 21 = q - 15. Let l(k) = k + 1. Calculate l(t).
-3
Let b be (-10 + 0)*(-3)/6. Let s(h) be the third derivative of h**4/24 + h**3/3 - 4*h**2. Give s(b).
7
Suppose 0 = -0*u - 3*u. Let i = -2 - -5. Let h(d) = d - 3 + 1 - i - 1. What is h(u)?
-6
Let h(u) be the second derivative of -u**4/12 + u**3 - 5*u**2/2 - 17*u. Calculate h(5).
0
Let h(s) = s**2 + 8*s - 4. Let x(y) = -y. Let u(f) = h(f) + 5*x(f). Suppose -4*q = q + 20. What is u(q)?
0
Let v(l) = l - 3. Let f(y) = 1. Let w(h) = 6*f(h) - v(h). Let z(n) = n - 17. Let d(a) = -5*w(a) - 3*z(a). Give d(-5).
-4
Let q(d) = 2*d**2 - d. Let n(k) = -3*k**2 - k - 2. Let i(y) = -7*y**2 - 3*y - 4. Let s(u) = 2*i(u) - 5*n(u). Let c be s(0). Give q(c).
6
Let y(b) = b - 4. Suppose 2*n - 6 = -0*n. Let j be (-10)/3 - (-1)/n. What is y(j)?
-7
Let s(y) = 20*y**2 + 0 - 19*y**2 + 5*y + 4. Give s(-3).
-2
Let o(h) = 9*h + 1. Let y(w) = 9*w**2 + w - 1. Let s(i) = -5*i**2 + 1. Let r(x) = 7*s(x) + 4*y(x). Let f be r(-4). Suppose q - 2 = -f. Determine o(q).
-8
Suppose 0*b - 24 = -4*b. Suppose b = -5*f + 1. Let o be f - (0 + 6/(-3)). Let y(x) = -6*x. Calculate y(o).
-6
Let l(f) = f**3 - 4*f**2 + 2*f - 3. Let o be l(4). Let r = -3 + 7. Let y(c) = -c + 6*c**2 - c**3 + 10 - o - r*c. Determine y(5).
5
Suppose -4*o + q = 24, 2*q - 4 = -12. Let x = -5 - o. Let f(i) = -i**3 + i**2 + i - 2. What is f(x)?
-4
Let g be 1/((-4)/(-16)) - (-46)/(-12). Let z(n) be the second derivative of -2*n + 0 + n**2 - g*n**3. What is z(2)?
0
Let k(l) be the second derivative of -l**5/20 + 3*l**4/4 - 4*l**3/3 + 7*l**2/2 + 15*l. Give k(8).
7
Let c(d) be the third derivative of d**4/24 - d**3/6 - 2*d**2. Let x(v) = 3*v - 12. Let q be x(6). Suppose j - 11 = -3*i, q*j - j = 5*i - 45. Determine c(i).
4
Let b(c) = c**3 + 7*c**2 + 7*c + 9. Let x be b(-6). Let j be 1*(1*-18)/x. Let d(h) = -h**3 - 7*h**2 - 7*h - 7. Determine d(j).
-1
Let m(j) = -j**2 - 7*j - 2. Suppose 35 = -35*v + 28*v. Calculate m(v).
8
Suppose 0 = -3*u + 4 + 2. Let g(k) = 5 - u*k + 0 - k**2 + 1 + k. Determine g(0).
6
Let r(h) be the second derivative of -2*h + 1/3*h**3 - 1/40*h**5 + 0*h**2 + 0 + 1/8*h**4. Let d(v) be the second derivative of r(v). What is d(2)?
-3
Let j(t) = 2*t**2 - 5*t + 2. Let w(i) = 9*i**2 + 8*i**2 - i**3 - 10*i**2 + 3 + 0 + 8*i. Let c be w(8). Determine j(c).
5
Let q = -1 - -1. Suppose -p + 4 + 0 = q. Let z(c) = c**2 + 2*c + 4*c**2 + 1 - p*c**2. Calculate z(2).
9
Let k(f) = -6 - 2*f + 2 + 0 + 1. Let x be 22/(-10) + (-1)/(-5). Calculate k(x).
1
Let x(m) = m**2 - m + 5. Let u = 32 + -32. What is x(u)?
5
Let o(l) = -l + l**2 - l + 0*l. Let w(b) = -b**3 + b**2 + b + 11. Let r be w(0). Let p = 13 - r. Calculate o(p).
0
Let s = 28 - 31. Let x(w) be the second derivative of w**4/6 + w**3/2 - 2*w**2 - 2*w. What is x(s)?
5
Let j(m) = -4*m**3 + 8*m**2 - 11*m + 10. Let n(q) = -3*q**3 + 9*q**2 - 11*q + 9. Let u(p) = 2*j(p) - 3*n(p). Calculate u(10).
3
Let h = 3 - 5. Let z(k) be the second derivative of -k**4/12 - k**3/6 + k**2 + k. Calculate z(h).
0
Let p(h) be the second derivative of -h**4/6 + 2*h**3/3 + 10*h. Calculate p(3).
-6
Suppose -2*a - 30 = 3*a. Let b(r) = 2*r + 3. Give b(a).
-9
Let s(f) = -f**3 - 2*f**2 + f - 2. Let n = -22 - -26. Let y be 1/(1 + n/(-3)). What is s(y)?
4
Suppose 15 = -p + 6*p - 3*o, 4*p = -5*o - 25. Let n(d) = d**3 + d**2 + d - 8. Give n(p).
-8
Suppose 0 = w + 4 - 12. Let c = w - 10. Let f(m) = 2*m**2 - 2. Give f(c).
6
Suppose 3*k - 8 = 4*m + 7*k, 2*k - 2 = 0. Let z be ((-1)/(-3))/(m/(-36)). Let v(n) = 4*n - 3*n - 6*n + n**2 - z. Calculate v(5).
-4
Let o(a) = a + 6. Suppose -2 = -u - u. Let p be (-2 + u)*(-6 + 1). Suppose 0 = 5*n + p*m, -n = -3*m + 7*m. Give o(n).
6
Let o(x) = 5*x**2 + 9*x + 17. Let c(m) = 3*m**2 + 5*m + 8. Let u(g) = 5*c(g) - 2*o(g). Let t(s) = -4*s**2 - 7*s - 6. Let r(p) = 4*t(p) + 3*u(p). What is r(-7)?
-6
Let u(w) = 6 + w - 2 + 0. What is u(-6)?
-2
Let j(p) = p**3 - 3*p**2 + 4. Let x(y) = -y**3 + 9*y**2 - 8*y + 3. Let i be x(8). What is j(i)?
4
Let x = -34 - -38. Let i(p) = -3*p + 3. What is i(x)?
-9
Let s be 3/5 + 8/20. Let u(i) be the first derivative of 1/2*i**2 + s + 3*i. Determine u(-5).
-2
Let u(z) = -z**2 + 5*z - 1. Let c be u(4). Let d be (-4 - -1)*(c - 2). Let y be (-5)/(2*d/(-6)). Let x(t) = -t. Determine x(y).
5
Let j(g) = g**2 - 5*g + 1. Let k(z) = -2*z. Let u be k(-2). Let b be ((-2)/u)/(2/(-16)). What is j(b)?
-3
Let g(h) be the second derivative of 3/2*h**2 - 1/20*h**5 + 0 + 5/6*h**3 - 1/4*h**4 - h. Determine g(-4).
-1
Let h(s) be the second derivative of -s + 0 - 9/2*s**2 + 1/2*s**3. Give h(6).
9
Let z(m) = -1 + m - m**2 + 7 + 8*m + 2*m**2. Give z(-8).
-2
Let c(f) be the third derivative of -f**5/60 - 5*f**4/24 - f**3/6 + 4*f**2 - 5*f. Give c(-3).
5
Let r(i) = -3*i**3 + 8*i**2 + 4*i - 2. Let q be r(3). Let a(b) = 2*b**3 - b. Calculate a(q).
1
Suppose -4*f + 6 = v - 11, 3*f = 3*v - 6. Suppose 11 = 2*m + f*o, -5*m - 2*o + 4 = -18. Let a(h) = -h**3 + 4*h**2 + 2*h - 5. Determine a(m).
3
Let l(x) = -5 - 15*x**2 + 3 + 6*x**2 + 8*x**2 - 7*x. Suppose -m - 26 = -5*f, m - 3 = -5*f + 11. Determine l(m).
4
Let h(x) = 2*x + 5. Suppose -z = -2*r - 8, r = 5*r + 8. Suppose 2*j - z*j - 16 = -4*u, 0 = 2*u - 4. Determine h(j).
-3
Let k(q) = -q + 9. Let y be k(-7). Let p = 10 - y. Let b(f) = f**2 + 5*f + 4. Determine b(p).
10
Let z(u) be the first derivative of 3*u**4/4 - 2*u**3/3 - u**2 - u - 2. Let t = 0 - -3. Suppose i + t = 2. What is z(i)?
-4
Let s(x) = -x**3 - 7*x**2 + 9*x + 3. Let y(i) = -2*i**3 - 13*i**2 + 17*i + 5. Let h(t) = 5*s(t) - 3*y(t). Determine h(-5).
5
Let g = 0 + 0. Let o(a) be the third derivative of -a**7/840 + a**5/120 - a**4/6 - 2*a**3/3 - 2*a**2. Let t(b) be the first derivative of o(b). What is t(g)?
-4
Let j(w) = -w**2 + 6*w - 2. Suppose 3*k - 3 = -0. Let i be k*(-14)/2*-1. Give j(i).
-9
Let l(u) = -u**2 - 8*u - 7. Let z be l(-5). Suppose -4*v + z = -8*v. Let o(d) = -d - 2. What is o(v)?
0
Let u(o) be the third derivative of 0 + 5/24*o**4 + 0*o**3 + 0*o + 1/120*o**6 - 2*o**2 - 7/60*o**5. Determine u(6).
-6
Let c be 106/(-22) - (-2)/(-11). Let i(h) be the first derivative of -1/4*h**4 - 4/3*h**3 - 1 + 5/2*h**2 - 6*h. Determine i(c).
-6
Suppose 3 = 2*q - 5. Let d(c) = c - 4. Let s(r) = -6*r + 27. Let u = 2 - 17. Let p(f) = u*d(f) - 2*s(f). Determine p(q).
-6
Let q(j) = 6*j - j**2 + j + 8 - 7*j. Determine q(0).
8
Let q(x) be the second derivative of x**5/20 - x**4/2 + x**2 + 6*x. What i